 + u + 5*u**2 + u + u**3. Suppose -5*b = 5*h + 37 - 2, -3*b + 2*h - 6 = 0. What is the tens digit of w(b)?
1
Let d be ((-24)/18)/(2/(-48)). Suppose -15 = 5*a, 3*i + 52 = -2*a - 20. Let u = d + i. What is the units digit of u?
0
Suppose -9*v = -52 - 2. Suppose -15 = -i - v. What is the units digit of i?
9
Let g(b) = 2 - 3*b + 3*b**2 - 1 + 2*b. Suppose -5*z = -z - 8. What is the tens digit of g(z)?
1
Let p(d) = -37*d - 10. Let n be p(9). What is the units digit of n/(-3) - ((-10)/6 + 1)?
5
Suppose g + 2 = 2*g. Let y = g + 0. Suppose 0*n = -y*n + 44. What is the tens digit of n?
2
Let s(x) = x**2 - 18*x + 20. Let j be s(17). Suppose j*g - 18 = 12. What is the units digit of g?
0
Suppose -5*v - 36 = -6*v. Let d = v + 18. What is the units digit of d?
4
Suppose 5*j + 249 - 1374 = 0. Suppose 0 = 5*h - 25, -2*d - 6*h + 3*h + j = 0. What is the hundreds digit of d?
1
Let n be (-1)/2 - (2561/(-2))/13. What is the tens digit of n + 3/6*-8?
9
Suppose 0 = 5*k + 1580 - 0. Let y = k + 449. What is the hundreds digit of y?
1
Let t(c) = 3*c**2 + 2*c + 3. Let r be 10/25 + 26/10. Suppose -k = -4, z + 16 = r*z + 5*k. What is the tens digit of t(z)?
1
Let a(u) = 57*u**2 - 9 + 66*u**2 + 7*u - 122*u**2 + 3. What is the units digit of a(6)?
2
Let i(t) = 4*t + 49. Suppose -3*n - 5 - 1 = 0. Let d = n + 2. What is the tens digit of i(d)?
4
Suppose 5*a + 8 - 28 = 0. Let r be 2/(2/12*a). Suppose 0 = 5*c - 5*z - 60, -r*z + 2*z - 26 = -2*c. What is the units digit of c?
4
Let m = 7315 + -4701. What is the hundreds digit of m?
6
Let n(y) = y**2 - 6*y + 6. Let d be n(4). Let b be -1 - (d + 2 - 33). Suppose 2*i = 2*h + i - b, 2*i + 28 = 2*h. What is the tens digit of h?
1
Let h(o) = -o**3 + o**2 + 2*o + 1. Suppose 0 = -d + 4*i - 4, 4*d + 2*i + 8 + 8 = 0. What is the tens digit of h(d)?
7
Let v = -3 - -5. Suppose -v*h + 106 + 71 = -3*t, 4*t - 240 = -3*h. Suppose -5*w + 26 = -h. What is the tens digit of w?
2
Let m(j) be the third derivative of -5*j**4/24 - 17*j**3/6 - 2*j**2. Let t(p) = -2*p**3 + 3*p**2 + 4*p + 8. Let c be t(3). What is the tens digit of m(c)?
1
What is the tens digit of (-1352)/(-4) + -8 + 4?
3
Let l(c) = 15*c + 104. Let f be l(-6). Suppose -y - 3*i = -229, -2 = -12*i + f*i. What is the units digit of y?
2
Let w be -4 + -13 + 9/3. Let n be (-12)/9 - w/6. Let f = 37 - n. What is the tens digit of f?
3
Suppose -5*h = 4*d + 60, h + 0*h = -5*d - 75. What is the units digit of 3 + d/3 - -27?
5
Suppose 7012 - 1281 = 11*a. What is the units digit of a?
1
Suppose 0 = -57*x + 52*x - 5. Let g(f) = 25*f**2 + 3*f + 2. Let i(y) = -26*y**2 - 4*y - 3. Let v(l) = 4*g(l) + 3*i(l). What is the tens digit of v(x)?
2
Suppose -5*j + 3*h + 573 = 0, -5*h = j - 138 + 29. Suppose 3*a + j = 2*r, r = -0*r + 3*a + 57. What is the tens digit of r?
5
Let w(y) = -y**3 + 11*y**2 - 2*y - 6. Let r be -2*(15/3)/(-1). What is the tens digit of w(r)?
7
Suppose 0 = -o - 4*z + 1771, 63*o - 65*o = z - 3549. What is the tens digit of o?
7
Suppose -6 + 0 = -6*n. Let t = n - -1. Suppose 24 - 5 = j - l, 3*j - 82 = -t*l. What is the tens digit of j?
2
Let h(a) = -3*a**3 + 3*a**2 - 2. Let n be h(-3). Suppose -n = -y - 0*y. Suppose -y = 5*g - 436. What is the units digit of g?
6
Let u(y) = -6*y + 16. Let s(l) = 2*l - 5. Let h(n) = -20*s(n) - 6*u(n). Let x be h(-3). Suppose 0 = t + 3*f - x, -3 - 6 = 3*f. What is the units digit of t?
5
Let l(u) = -u + 5. Suppose 5 = 3*y - 1. Let m be l(y). What is the units digit of 142/m + 1/(-3)?
7
Suppose -52*j + 30449 - 1797 = 0. What is the hundreds digit of j?
5
Let d = -44 - -50. What is the units digit of 180/(-15)*(-44)/d?
8
Let t = 393 + 195. What is the tens digit of -5*(-4)/100 + t/10?
5
Suppose 1490 = 6*z - 5074. What is the thousands digit of z?
1
Let q be (-2 - (-4)/6)/((-6)/333). Suppose 0 = -l + 23 + q. What is the tens digit of l?
9
Suppose 4*d + 3 = 107. Let a = 22 + d. What is the units digit of a?
8
What is the thousands digit of 19762/123*54/4?
2
Suppose 6*v = 31 + 119. Suppose 0 = 5*l + v. What is the units digit of (-59)/(-2) - l/(-10)?
9
Suppose -3*w - 12 = w, 0 = o + 3*w - 589. What is the tens digit of o/12 - (-4)/24?
5
Suppose 0 = 2*z + 2*a - 14 - 0, -3 = z + 3*a. Suppose -3*p - z = -4*p. What is the units digit of p?
2
Let l(x) = -1 + 3*x + 2 + 4. Let n be l(-4). Let v = n + 22. What is the units digit of v?
5
Suppose -13*o = -11*o. Suppose -2*t - u + 189 = o, t + 3*t - 399 = 5*u. What is the units digit of t?
6
Let j be (1 - 0) + 3 + -1. Let c(s) = s - 4*s**2 - 5 + 9*s**2 + s**j + s**2. What is the units digit of c(-4)?
3
Suppose -3*k + 5*c + 12 = 0, 0 = -0*k - k + 3*c. Suppose -k*w = -17*w + 368. What is the units digit of w?
6
Let b(o) = -o**3 + 20*o**2 - 15*o - 6. Suppose -1 - 37 = -2*m. What is the tens digit of b(m)?
7
Suppose -2*h = -4*h - 4. What is the tens digit of (-1 - h) + 34/1?
3
Let r(k) = 35*k - 182. What is the hundreds digit of r(40)?
2
Let v(f) = f**3 - 6*f**2 - 12*f + 1. Let y(k) = -3*k + 2. Let u be y(-2). Let p be v(u). Let l = p - 22. What is the tens digit of l?
1
Let t be (3 + 28/(-4))/(-2). Let p be 0*3*t/(-12). Suppose n = -p*n + 9. What is the units digit of n?
9
Let i(l) = -l**3 - 9*l**2 - 12*l - 4. Let f(z) = 2*z**2 + 2*z**2 - 3*z**2 - 6*z. Let x be f(4). What is the units digit of i(x)?
8
Let w = 451 + -165. What is the hundreds digit of w?
2
Let r(h) = 2*h**2 + 6*h + 18. Let p be r(-10). What is the tens digit of p + (-4 - 0) + 1?
5
Suppose q - 2 = 3*i + 2, -q - 2*i = -9. Let m = 0 - 4. Let b = m + q. What is the units digit of b?
3
Suppose 81*u - 87*u = -6114. What is the units digit of u?
9
Suppose -27*z + 4*b = -31*z + 10100, -5*z - 4*b + 12624 = 0. What is the tens digit of z?
2
Let v = -52 + 55. Suppose -2*d + 86 = -k, d + 147 = 4*d + v*k. What is the tens digit of d?
4
Let f be (-3 - -14)*1 - 2. Suppose -f*t + 10*t = 39. What is the units digit of t?
9
Let d = -161 - -297. Let k = d + -90. What is the units digit of k?
6
Suppose 0 = -3*g + 4*b, 0*g - 3*g = 4*b. Suppose -d + z - 3*z + 49 = g, -z + 3 = 0. What is the tens digit of d?
4
Suppose s + 0*p = -2*p - 6, 5*s = 2*p - 66. Let a be ((-18)/(-21))/(s/(-56)). Suppose -4*i - 3*u = -152, -a*i + 85 + 67 = -u. What is the units digit of i?
8
Suppose 79*d = 199*d - 753600. What is the thousands digit of d?
6
What is the hundreds digit of 24*(1 + 326)/(153/34)?
7
Suppose 3*f = -u - 0*u + 16, 5*f - 12 = 2*u. Let k(w) = w**2 + 3*w - 4. What is the tens digit of k(f)?
2
Let w(v) = 2*v**2 - 2*v + 15. Let b be w(-15). Let i = -285 + b. What is the units digit of i?
0
Let h = 197 - 122. Suppose -4*g + 205 + h = 0. What is the tens digit of g?
7
Suppose -4*q = 5*u - 8, 0 = 5*q - 4*u + 4 - 14. Suppose -2*z = -2*y - 34, -5*z = -2*z - q*y - 56. What is the tens digit of z?
2
Suppose 66*o = 59*o + 14273. What is the thousands digit of o?
2
Suppose -m = -227 + 17. What is the units digit of (3/18 + 1393/m)*10?
8
Let d(z) = -z**3 - 2*z**2 + 11*z - 3. What is the hundreds digit of d(-7)?
1
Suppose -4*i + 4*r = -16, -5 = 5*i + 2*r + 3. Let w = 41 - 22. Suppose g - 69 = -2*g - t, -g + t + w = i. What is the tens digit of g?
2
Suppose 14 = -a + 3*a - 2*p, -5*a + 4*p = -31. Suppose a*l + 2*x - 389 = 0, l - 4*x - 401 = -2*l. What is the tens digit of l?
3
Suppose 17 = 3*d - 2*d - r, -d + 4*r = -2. Suppose 0 = -3*n - i + 13, 0 = 3*n - 5*i - 3 - d. Let s = -4 + n. What is the units digit of s?
1
Let i be (-3 + 0 + 4)/((-2)/(-516)). What is the tens digit of 6 + -2 - i/(-3)?
9
Let t(v) = -v**2 - 2*v + 22. Let a be t(-5). Suppose 483 = a*n - 322. What is the tens digit of n?
1
Let k(r) = -16*r - 5. Let p be k(-3). Let o = p + -22. What is the tens digit of o?
2
Suppose -9 - 3 = t. Let s = t + 220. Suppose -3*x + s = 4*r + r, -r = 1. What is the units digit of x?
1
Let h = -1775 + 2978. What is the units digit of h?
3
Let p(v) = 66*v**2 + 7*v - 3. Let w be p(3). Suppose h + 8*h - w = 0. What is the tens digit of h?
6
Let x(f) be the first derivative of -f**4/4 + 5*f**3/3 + 7*f**2/2 - 6*f - 2. Let i be x(6). What is the tens digit of (i + (-4)/(-3))*24?
3
Let o(d) = 45*d**3 - 4*d**2 + 2*d + 1. Let n be o(1). Suppose n = z - 61. What is the hundreds digit of z?
1
Suppose 0 = 10*z - 16*z - 474. Let l = 184 + z. What is the tens digit of l?
0
Let r(l) = 17*l**2 - 16*l + 320. What is t